 divided by 4711?
8
Calculate the remainder when 47830 is divided by 47812.
18
Calculate the remainder when 8347 is divided by 2741.
124
What is the remainder when 3720493 is divided by 104?
101
Calculate the remainder when 1283 is divided by 176.
51
Calculate the remainder when 643 is divided by 82.
69
Calculate the remainder when 6304 is divided by 38.
34
Calculate the remainder when 955 is divided by 45.
10
What is the remainder when 1855 is divided by 673?
509
What is the remainder when 306 is divided by 42?
12
What is the remainder when 2949 is divided by 1474?
1
What is the remainder when 43607 is divided by 52?
31
What is the remainder when 390261 is divided by 13457?
8
Calculate the remainder when 4423 is divided by 56.
55
Calculate the remainder when 825 is divided by 269.
18
What is the remainder when 7002 is divided by 17?
15
Calculate the remainder when 172982 is divided by 8.
6
Calculate the remainder when 12892 is divided by 52.
48
Calculate the remainder when 3713 is divided by 178.
153
What is the remainder when 32536 is divided by 20?
16
Calculate the remainder when 232799 is divided by 48.
47
Calculate the remainder when 536684 is divided by 1394.
1388
What is the remainder when 3292 is divided by 1075?
67
What is the remainder when 161674 is divided by 8?
2
What is the remainder when 26560 is divided by 13273?
14
What is the remainder when 37734 is divided by 102?
96
What is the remainder when 1411871 is divided by 96?
95
Calculate the remainder when 18782 is divided by 4654.
166
What is the remainder when 1188523 is divided by 689?
687
Calculate the remainder when 3401518 is divided by 48.
46
What is the remainder when 55589 is divided by 75?
14
Calculate the remainder when 857 is divided by 41.
37
Calculate the remainder when 255 is divided by 215.
40
Calculate the remainder when 43499 is divided by 87.
86
What is the remainder when 104089 is divided by 228?
121
What is the remainder when 24571 is divided by 70?
1
What is the remainder when 25144 is divided by 426?
10
Calculate the remainder when 857459 is divided by 12.
11
Calculate the remainder when 13885 is divided by 6825.
235
What is the remainder when 966 is divided by 129?
63
Calculate the remainder when 5771 is divided by 38.
33
What is the remainder when 155524 is divided by 51815?
79
Calculate the remainder when 631 is divided by 309.
13
What is the remainder when 5565 is divided by 10?
5
Calculate the remainder when 343 is divided by 117.
109
What is the remainder when 12040 is divided by 2406?
10
Calculate the remainder when 3414 is divided by 1138.
0
What is the remainder when 26028 is divided by 1241?
1208
Calculate the remainder when 758 is divided by 16.
6
Calculate the remainder when 796 is divided by 425.
371
What is the remainder when 1968 is divided by 1914?
54
What is the remainder when 16598 is divided by 1?
0
Calculate the remainder when 806 is divided by 46.
24
What is the remainder when 4813 is divided by 15?
13
What is the remainder when 5838 is divided by 22?
8
Calculate the remainder when 227416 is divided by 75795.
31
Calculate the remainder when 1665 is divided by 238.
237
What is the remainder when 3793 is divided by 126?
13
What is the remainder when 27875 is divided by 20?
15
What is the remainder when 8280 is divided by 44?
8
What is the remainder when 119159 is divided by 1779?
1745
Calculate the remainder when 4137 is divided by 141.
48
What is the remainder when 432421 is divided by 183?
175
Calculate the remainder when 449 is divided by 434.
15
What is the remainder when 496620 is divided by 42?
12
Calculate the remainder when 336972 is divided by 7.
6
Calculate the remainder when 4046 is divided by 503.
22
What is the remainder when 331066 is divided by 564?
562
What is the remainder when 407204 is divided by 1003?
989
Calculate the remainder when 452 is divided by 37.
8
Calculate the remainder when 11066 is divided by 507.
419
What is the remainder when 89960 is divided by 452?
12
What is the remainder when 40019 is divided by 40013?
6
What is the remainder when 16509 is divided by 5487?
48
What is the remainder when 639494 is divided by 16397?
11
Calculate the remainder when 9615 is divided by 209.
1
What is the remainder when 3113 is divided by 2?
1
Calculate the remainder when 2065 is divided by 357.
280
What is the remainder when 242268 is divided by 311?
310
Calculate the remainder when 7579 is divided by 104.
91
What is the remainder when 3623 is divided by 203?
172
Calculate the remainder when 180226 is divided by 15012.
82
What is the remainder when 1728 is divided by 212?
32
What is the remainder when 6511959 is divided by 13?
12
What is the remainder when 19011 is divided by 705?
681
What is the remainder when 4299 is divided by 119?
15
Calculate the remainder when 10306 is divided by 44.
10
Calculate the remainder when 8441 is divided by 937.
8
What is the remainder when 44326 is divided by 22135?
56
Calculate the remainder when 5748 is divided by 32.
20
Calculate the remainder when 33815 is divided by 16876.
63
What is the remainder when 11867 is divided by 311?
49
Calculate the remainder when 16856 is divided by 1404.
8
What is the remainder when 78119 is divided by 10?
9
What is the remainder when 11336 is divided by 472?
8
Calculate the remainder when 456413 is divided by 152137.
2
Calculate the remainder when 22185 is divided by 326.
17
Calculate the remainder when 25010 is divided by 4995.
35
What is the remainder when 5828 is divided by 42?
32
Calculate the remainder when 560 is divided by 268.
24
What is the remainder when 7183955 is divided by 13?
12
What is the remainder when 14281 is divided by 844?
777
Calculate the remainder when 2743 is divided by 1370.
3
What is the remainder when 14911 is divided by 108?
7
What is the remainder when 3597 is divided by 300?
297
What is the remainder when 5273 is divided by 1657?
302
What is the remainder when 921939 is divided by 2485?
4
Calculate the remainder when 5121 is divided by 125.
121
Calculate the remainder when 2795 is divided by 1315.
165
What is the remainder when 8593 is divided by 2143?
21
Calculate the remainder when 9376 is divided by 4601.
174
Calculate the remainder when 19693 is divided by 494.
427
What is the remainder when 3904 is divided by 35?
19
Calculate the remainder when 1341910 is divided by 1012.
1010
Calculate the remainder when 10917 is divided by 538.
157
What is the remainder when 103150 is divided by 61?
60
What is the remainder when 19158 is divided by 426?
414
Calculate the remainder when 240063 is divided by 7.
5
What is the remainder when 25756 is divided by 6406?
132
Calculate the remainder when 60865 is divided by 13.
12
Calculate the remainder when 2661 is divided by 268.
249
What is the remainder when 1354304 is divided by 253?
248
Calculate the remainder when 604538 is divided by 469.
466
Calculate the remainder when 51059 is divided by 10.
9
What is the remainder when 92164 is divided by 1644?
100
Calculate the remainder when 1705 is divided by 39.
28
Calculate the remainder when 2148719 is divided by 560.
559
Calculate the remainder when 1563 is divided by 5.
3
What is the remainder when 71219 is divided by 176?
115
What is the remainder when 1035540 is divided by 12?
0
What is the remainder when 295967 is divided by 87?
80
Calculate the remainder when 1527 is divided by 119.
99
What is the remainder when 94102 is divided by 15680?
22
Calculate the remainder when 44787 is divided by 2796.
51
What is the remainder when 2366 is divided by 124?
10
What is the remainder when 2713 is divided by 638?
161
Calculate the remainder when 3220 is divided by 35.
0
What is the remainder when 43599 is divided by 22?
17
What is the remainder when 809558 is divided by 8?
6
What is the remainder when 2283 is divided by 1067?
149
Calculate the remainder when 2027 is divided by 134.
17
What is the remainder when 10858 is divided by 3614?
16
What is the remainder when 10004 is divided by 9677?
327
Calculate the remainder when 89406 is divided by 81.
63
What is the remainder when 3639 is divided by 493?
188
Calculate the remainder when 1803341 is divided by 601113.
2
Calculate the remainder when 858 is divided by 110.
88
Calculate the remainder 